 675333?
-675340
In base 13, what is -c + -b9042?
-b9051
In base 8, what is 15461 + 3?
15464
In base 5, what is -4 + 22111210?
22111201
In base 15, what is -4d + -3e8?
-446
In base 9, what is -4675 - 8?
-4684
In base 6, what is 0 + -50335132?
-50335132
In base 4, what is -3312 + 33?
-3213
In base 16, what is e7 - -8b?
172
In base 5, what is -111 + -1032?
-1143
In base 15, what is 218 + b4?
2cc
In base 12, what is 3145 - -1b?
3164
In base 9, what is 10651 - 4?
10646
In base 2, what is -11000011011001 - -100?
-11000011010101
In base 11, what is -6 - -1966a4?
196699
In base 4, what is -220111033 + 11?
-220111022
In base 12, what is -1 - -8a35?
8a34
In base 14, what is 4 + -1490c1?
-1490bb
In base 6, what is 12020 - -2253?
14313
In base 7, what is 3 + 141422?
141425
In base 8, what is 57503 - 3?
57500
In base 7, what is -102513 + 5?
-102505
In base 4, what is -32331 + -301?
-33232
In base 2, what is 1010011010000011 - 1010?
1010011001111001
In base 3, what is 2022 + 12100011012?
12100020111
In base 10, what is -236 + 249?
13
In base 6, what is -5412 + 25?
-5343
In base 10, what is 168 - 1290?
-1122
In base 7, what is 1106300 + -2?
1106265
In base 11, what is 252831 - -2?
252833
In base 15, what is -2 - 4778e?
-47791
In base 7, what is 0 + -106543?
-106543
In base 8, what is 6210 - 225?
5763
In base 12, what is 13234 + -3?
13231
In base 9, what is -25 - -35048?
35023
In base 3, what is 122221211 - -1002?
122222220
In base 12, what is -93 + -a6?
-179
In base 16, what is -69445 + 2?
-69443
In base 7, what is 516665 + 4?
520002
In base 15, what is 4c10 - 4?
4c0b
In base 12, what is -7919 + 27?
-78b2
In base 9, what is 4358 - -51?
4420
In base 10, what is -93 + -36690?
-36783
In base 12, what is -343 - 193?
-516
In base 6, what is 1431412 + -15?
1431353
In base 4, what is -11122 - 100213?
-112001
In base 2, what is 1111110 - -100101011?
110101001
In base 6, what is 3 + 1323332?
1323335
In base 6, what is 1254 + -215?
1035
In base 14, what is -597b5 - -4?
-597b1
In base 8, what is -37 - -52142?
52103
In base 6, what is -415542250 - 1?
-415542251
In base 5, what is -3033 - -1313?
-1220
In base 7, what is -101253 - -3?
-101250
In base 12, what is 11642 + 18?
1165a
In base 16, what is -9 - -914?
90b
In base 15, what is 1001 + -6?
eea
In base 9, what is 5320 - -33?
5353
In base 8, what is 7 + 3662?
3671
In base 7, what is -4262255 - -1?
-4262254
In base 7, what is -14120 + -103?
-14223
In base 9, what is 442241 - -5?
442246
In base 4, what is 201 - 2033011?
-2032210
In base 10, what is -356 - -131?
-225
In base 8, what is 14313 + 4?
14317
In base 14, what is 18ac - -73?
1941
In base 8, what is 10521 - 136?
10363
In base 6, what is 313422 - 0?
313422
In base 3, what is 102211102022 + 1?
102211102100
In base 14, what is -212b0c - 2?
-212b10
In base 10, what is -203853 - -32?
-203821
In base 14, what is -3 + 830?
82b
In base 15, what is -44 + 366?
322
In base 4, what is 211220 - 130133?
21021
In base 13, what is 0 - -b7b8a?
b7b8a
In base 8, what is 2232503 - 4?
2232477
In base 2, what is 10011100001000100 - -101?
10011100001001001
In base 16, what is 8002 + -1?
8001
In base 4, what is -13330 - -12023?
-1301
In base 9, what is -358807 + -3?
-358811
In base 15, what is 3 - 1e90?
-1e8c
In base 6, what is -5143120 - -1?
-5143115
In base 3, what is -2120201122 + 10?
-2120201112
In base 13, what is 0 - 1c76?
-1c76
In base 15, what is 46d78 + -5?
46d73
In base 10, what is 3 + 157514?
157517
In base 8, what is 3225033 + -4?
3225027
In base 14, what is -1 + 19723?
19722
In base 11, what is -8912 - 3?
-8915
In base 11, what is 3 - 7615?
-7612
In base 4, what is 12 - -31301131?
31301203
In base 12, what is 13363 + 16?
13379
In base 12, what is 89 - -13?
a0
In base 16, what is -5 - 32665?
-3266a
In base 15, what is -5472 + -b?
-547d
In base 11, what is -1a - -3059?
303a
In base 4, what is -3211 - 3021?
-12232
In base 12, what is 45b + 322?
781
In base 14, what is 4 - 132661?
-13265b
In base 13, what is -3 + -21a367?
-21a36a
In base 16, what is -50cc - -c?
-50c0
In base 14, what is 101d - 2d8?
b25
In base 2, what is 100100 + 101000111?
101101011
In base 3, what is -101202220020 - 0?
-101202220020
In base 15, what is -7 - 1958?
-1960
In base 16, what is b0a9 - 5?
b0a4
In base 11, what is 4 - 7887?
-7883
In base 9, what is 1884224 - 3?
1884221
In base 3, what is -1120220 + -1002110?
-2200100
In base 9, what is 142 + 362?
514
In base 7, what is -450536 + -3?
-450542
In base 3, what is 211110 + 202?
212012
In base 5, what is 13430034 - -4?
13430043
In base 8, what is 101 - 4554?
-4453
In base 4, what is 1130 + 30010?
31200
In base 9, what is 0 + -2081?
-2081
In base 12, what is -134 + 81a1?
8069
In base 8, what is -4 + -41331?
-41335
In base 3, what is -21011 + 2012?
-11222
In base 8, what is -1 - 26217?
-26220
In base 5, what is -1441 - 21?
-2012
In base 8, what is 2 + -651020?
-651016
In base 8, what is 56 - -157?
235
In base 10, what is -18290 + 40?
-18250
In base 4, what is 10330211 + 103?
10330320
In base 14, what is -6 - 4cc8?
-4cd0
In base 2, what is 101 + 100100011?
100101000
In base 12, what is -15587 - 4?
-1558b
In base 10, what is 0 + -2950?
-2950
In base 3, what is 10000 - 1122021212?
-1122011212
In base 9, what is 2 + -37862?
-37860
In base 11, what is 3 - -38464?
38467
In base 10, what is -1253 - 14?
-1267
In base 3, what is -202 + -1001002012?
-1001002221
In base 8, what is 5151 - 26?
5123
In base 4, what is -13 + -2133303301?
-2133303320
In base 11, what is -355 - -5?
-350
In base 16, what is 4 - -50f9?
50fd
In base 7, what is 45415 + -1?
45414
In base 10, what is -1050 + -69?
-1119
In base 5, what is 11030311 - -30?
11030341
In base 2, what is 11 + -1100000000111?
-1100000000100
In base 10, what is 2974 - -23?
2997
In base 7, what is 311 + 10035?
10346
In base 12, what is 9 + -1438?
-142b
In base 2, what is 111110 + -11111101010?
-11110101100
In base 11, what is 668390 + -2?
668389
In base 16, what is 4e5 - 58?
48d
In base 11, what is -471a4 + 3?
-471a1
In base 6, what is -41102342 + -5?
-41102351
In base 3, what is 1012 + -11011021?
-11010002
In base 15, what is -3 + 2a995?
2a992
In base 10, what is 12033 - -78?
12111
In base 2, what is -1 - 1001101100?
-1001101101
In base 10, what is 5 - 135?
-130
In base 2, what is -10000010001 - -1001?
-10000001000
In base 16, what is 7860 + 3?
7863
In base 15, what is 8bde + 1?
8be0
In base 15, what is -2 + 1c8b0?
1c8ad
In base 2, what is 10110000 - -1100011?
100010011
In base 3, what is -1011121200100 - -2?
-1011121200021
In base 13, what is -9 + 9967?
995b
In base 8, what is -1 - -2031507?
2031506
In base 12, what is 2521b - 3?
25218
In base 13, what is -b85 + -19b?
-1053
In base 2, what is 100 - -100111101110011010?
100111101110011110
In base 13, what is 317 - 28b?
59
In base 2, what is 100101001101000100111 - 0?
100101001101000100111
In base 3, what is -1211112112021 - -2?
-1211112112012
In base 11, what is -4 - -19a569?
19a565
In base 13, what is -c9 + -21?
-11a
In base 14, what is -129 - -2?
-127
In base 2, what is -1011111011 + 10101100?
-1001001111
In base 14, what is -4 + -2625?
-2629
In base 4, what is 303 + 122100?
123003
In base 5, what is -1330122 + -3?
-1330130
In base 5, what is -21 + -1013?
-1034
In base 3, what is 22100 - 10011?
12012
In base 6, what is -22532134 + 10?
-22532124
In base 14, what is -1 + 171606?
171605
In base 16, what is 3 + 17611?
17614
In base 14, what is 73 - a6?
-33
In base 9, what is -1 + 53?
52
In base 15, what is 160564 - 3?
160561
In base 2, what is 100100 - 11101011110?
-11100111010
In base 11, what is -3252 - 0?
-3252
In base 15, what is 267 + -4?
263
In base 15, what is 5b30 - -2?
5b32
In base 8, what is 2 - 111755?
-111753
In base 16, what is -67 + 3f?
-28
In base 2, what is 1101010011 + -11100?
1100110111
In base 9, what is 1118237 - -5?
1118243
In base 11, what is -103 - -802?
6aa
In base 10, what is 360242 + 0?
360242
In base 2, what is -11010010111 + 1011000011?
-1111010100
In base 6, what is 5311 - -1251?
11002
In base 9, what is -2 - 1402?
-1404
In base 9, what is -114 - 83?
-207
In base 2, what is -1001 - 10110110?
-10111111
In base 14, what is 283a - -5?
2841
In base 14, what is 4 + 13893?
13897
In base 7, what is 51 - 261112?
-261031
In base 6, what is 445 + 1102